) = t**3 + 135*t**2 + 259*t - 706. What is b(-133)?
225
Let a(w) = 2*w**3 - 94*w**2 + 1139*w + 143. Determine a(14).
3153
Let n(v) = v**2 - 4249*v - 197543. Determine n(-46).
27
Let u(k) = k**3 - 12*k**2 - 143*k + 989. Calculate u(17).
3
Let t(q) = 3393*q - 139124. What is t(41)?
-11
Let v(y) = -15161*y + 363861. What is v(24)?
-3
Let x(p) = -2*p**3 - 24*p**2 + 610*p - 46. Give x(-23).
-2438
Let d(x) = 732*x + 12035. Determine d(-16).
323
Let l(c) = c**2 - 2009*c - 690093. What is l(-299)?
-1
Let y(r) = -2*r**3 + 76*r**2 - 323*r - 786. What is y(7)?
-9
Let l(m) = -68*m**2 + 63*m - 264. Give l(5).
-1649
Let h(v) = 5613*v - 21574. Give h(4).
878
Let o(x) = -7*x**3 - 1142*x**2 - 35700*x - 623. What is o(-121)?
-18
Let w(x) = -3*x**2 - 116*x + 533. Calculate w(4).
21
Let v(o) = o**3 + 450*o**2 + 2479*o + 309967. Calculate v(-446).
-3
Let h(k) = -1720*k**2 - 20638*k + 24. Calculate h(-12).
0
Let a(z) = 4*z**2 - 6340*z - 167535. Determine a(-26).
9
Let o(g) = -46758*g + 1402735. Determine o(30).
-5
Let k(g) = 182*g**2 + 39*g - 38. Calculate k(1).
183
Let s(u) = -5*u**3 + 41*u**2 - 59*u - 48. Determine s(6).
-6
Let s(m) = 189*m**2 - 486*m + 2047. Calculate s(4).
3127
Let x(b) = b**3 - 400*b**2 - 1662*b + 18596. Give x(404).
12
Let g(v) = -3899*v**2 - 35087*v + 23. Determine g(-9).
-13
Let h(i) = -111340*i - 668036. Give h(-6).
4
Let v(l) = -943*l**2 - 5494*l + 983. Determine v(-6).
-1
Let j(d) = -8*d**2 + 342*d + 5. Determine j(42).
257
Let i(g) = -g**3 + 170*g**2 - 4274*g - 853. Determine i(31).
232
Let y(p) = -138557*p + 138558. What is y(1)?
1
Let w(h) = 9228*h + 8678. Calculate w(-1).
-550
Let u(y) = -113*y + 17077. What is u(150)?
127
Let x(l) = l**3 - 921*l**2 + 209092*l - 1022. Determine x(515).
8
Let z(t) = -3*t**3 - 87*t**2 - 950*t - 7230. Determine z(-19).
-10
Let t(z) = 3*z**2 + 128*z - 282. What is t(-33)?
-1239
Let a(h) = -14023*h**2 + 28046*h - 8. Calculate a(2).
-8
Let o(m) = 2093*m**2 + 89998*m - 44. Determine o(-43).
-1
Let j(h) = 116*h + 9539. Determine j(-60).
2579
Let k(z) = -538*z - 859. What is k(-3)?
755
Let b(a) = -70*a**3 - 24*a**2 + 6*a + 12. Give b(-1).
52
Let a(p) = -1852*p + 837100. Give a(452).
-4
Let y(a) = -48042*a + 960838. Calculate y(20).
-2
Let p(z) = 10*z**3 + 82*z**2 + 1001*z + 7955. Determine p(-8).
75
Let o(w) = -w**3 - 4*w**2 + 210*w + 906. Determine o(-4).
66
Let m(r) = -1341*r - 47743. Determine m(-36).
533
Let w(t) = -2*t**3 + 110*t**2 + 2883*t - 5253. Calculate w(74).
1
Let v(p) = 15861*p - 47572. What is v(3)?
11
Let y(q) = -2*q**3 + 96*q**2 + 408*q + 465. Determine y(52).
49
Let z(k) = 4*k**2 - 23073*k - 3. Give z(0).
-3
Let b(n) = 5195*n - 877939. What is b(169)?
16
Let w(x) = -198881*x + 795508. Calculate w(4).
-16
Let n(q) = 4081*q - 13447. Determine n(3).
-1204
Let m(p) = 63*p**2 + 5415*p - 172. Calculate m(-86).
86
Let x(n) = n**3 - 7318*n + 29197. Give x(4).
-11
Let u(p) = -3*p**2 + 34*p - 12. What is u(12)?
-36
Let f(p) = -1840*p + 36776. What is f(20)?
-24
Let m(g) = -23*g**3 - 612*g**2 + 1556*g - 1128. Give m(-29).
3
Let h(t) = -466*t**2 + 10732*t + 97. Determine h(23).
419
Let f(l) = -l**3 - 772*l**2 + 116224*l + 634. Determine f(129).
-11
Let b(v) = -1001047*v + 7007294. Determine b(7).
-35
Let s(u) = -56*u**3 - 1848*u**2 + 21*u + 716. Calculate s(-33).
23
Let x(w) = -18*w**3 + 1746*w**2 + 21*w - 2172. Determine x(97).
-135
Let r(s) = 27*s + 6323. Calculate r(-238).
-103
Let j(l) = -l**2 + 24*l - 126. Determine j(7).
-7
Let l(p) = -1001*p - 32118. Determine l(-32).
-86
Let k(o) = 9*o**3 + 23*o**2 - 86*o - 265. Give k(-3).
-43
Let o(d) = 2*d**3 + 271*d**2 + 4233*d + 81. Give o(-18).
27
Let c(m) = -m**3 + 54*m**2 - 335*m + 42. Give c(46).
1560
Let x(l) = l**2 + 9124*l - 173923. Determine x(19).
-206
Let p(y) = 4*y**3 + 608*y**2 - 3782*y + 1593. Give p(-158).
13
Let m(j) = 75*j**3 + 45*j**2 - 129*j - 23. Give m(-2).
-185
Let o(w) = w**2 - 6376*w + 19132. Give o(3).
13
Let m(i) = 241*i + 13241. What is m(-55)?
-14
Let w(c) = -1589*c + 1090048. Determine w(686).
-6
Let g(o) = -o**2 - 17471*o + 87363. Determine g(5).
-17
Let j(w) = -316*w - 4706. What is j(-16)?
350
Let i(t) = -4*t**3 + 2*t**2 - 52*t - 671. What is i(-8)?
1921
Let v(s) = -8*s**3 - 265*s**2 - 38*s - 17. What is v(-33)?
148
Let i(n) = -4*n**2 + 931*n + 279. Give i(233).
46
Let y(s) = -16*s**2 + 1105*s + 2200. Calculate y(71).
-1
Let b(w) = -213*w - 839. What is b(-4)?
13
Let k(w) = -w**2 - 333*w - 26382. Determine k(-137).
470
Let o(t) = 2*t**3 - 143*t**2 - 3329*t - 196. Give o(90).
-106
Let f(x) = -x**3 - 291*x**2 - 2259*x + 28. Calculate f(-8).
-12
Let g(a) = -292*a - 2056. Determine g(-9).
572
Let q(u) = 190*u**2 + 4*u - 109. What is q(0)?
-109
Let g(s) = -156*s**2 + 56*s + 25. Determine g(0).
25
Let x(h) = 5*h**3 + 207*h**2 + 785*h - 1067. What is x(-37)?
6
Let k(v) = 23*v**3 + 11*v**2 + 187*v + 773. Give k(-4).
-1271
Let b(g) = 3*g**3 + 27*g**2 - 39*g - 139. Calculate b(-12).
-967
Let h(s) = 5*s**3 + 5*s**2 - 25*s - 30. Give h(-1).
-5
Let m(a) = a**3 - 133*a**2 + 1015*a - 935. What is m(7)?
-4
Let h(b) = -2*b**3 + 155*b**2 - 2863*b + 11. Determine h(31).
631
Let h(i) = -119*i**2 - 1282*i - 28. What is h(-11)?
-325
Let l(g) = -3*g**2 - 73*g + 226. Determine l(10).
-804
Let w(p) = 5763*p + 2760464. Calculate w(-479).
-13
Let l(i) = -33*i**2 + 70*i - 255. Give l(3).
-342
Let g(k) = 592*k - 17688. Give g(30).
72
Let j(t) = 1431378*t + 11451030. Determine j(-8).
6
Let h(j) = 153*j + 38275. What is h(-247)?
484
Let j(l) = -l**3 + 145*l**2 + 140*l + 915. Give j(146).
39
Let o(x) = -12073*x + 2173138. Give o(180).
-2
Let i(j) = -2*j**3 + 10*j**2 + 9*j - 69. What is i(8)?
-381
Let v(t) = -t**3 + 14*t**2 + 683*t - 67. Determine v(34).
35
Let r(z) = -1263*z + 318279. Calculate r(252).
3
Let g(m) = 8*m**2 + 792*m + 15639. Calculate g(-29).
-601
Let p(q) = 173*q**2 + 18334*q - 754. Determine p(-106).
-330
Let d(o) = -13*o**2 - 1112*o - 11113. Calculate d(-74).
-13
Let h(k) = -78168*k + 2814043. What is h(36)?
-5
Let c(b) = -4*b**3 - 37*b**2 + 19*b - 104. What is c(-10)?
6
Let u(j) = -7*j**2 - 1183*j - 29956. Give u(-138).
-10
Let y(a) = -13*a**3 - 2*a**2 + 17*a + 23. What is y(-4)?
755
Let h(p) = -3381*p + 20893. Give h(6).
607
Let r(p) = -4*p**3 - 123*p**2 + 149*p - 4889. Give r(-33).
-5
Let h(j) = 468675*j + 1874700. Calculate h(-4).
0
Let a(l) = -75*l**2 - 16124*l + 213. What is a(-215)?
-2
Let c(g) = 3*g**2 - 50*g - 461. What is c(-12)?
571
Let t(x) = 44198*x - 176872. Calculate t(4).
-80
Let a(g) = g**3 - 340*g**2 - 708*g + 9746. Determine a(342).
1538
Let y(u) = u**3 - 8*u**2 - 561*u + 2269. Calculate y(-22).
91
Let q(y) = 17844*y - 535329. Determine q(30).
-9
Let g(m) = 348*m**2 + 146*m + 283. Give g(-2).
1383
Let y(v) = 24*v**2 - 1561*v + 10956. Calculate y(8).
4
Let v(h) = -h**3 + 51*h**2 - 370*h - 119. Give v(10).
281
Let z(x) = 2*x**2 + 149*x - 13950. Give z(52).
-794
Let p(v) = v**3 + 31*v**2 + 227*v - 255. Calculate p(-17).
-68
Let j(h) = -11592*h + 150694. What is j(13)?
-2
Let o(q) = 65*q**3 - 6369*q**2 - 98*q - 38. Give o(98).
-38
Let o(j) = -174070*j + 870349. Give o(5).
-1
Let z(p) = -p**3 - 3*p**2 + 84*p + 324. Determine z(-6).
-72
Let x(s) = -s**3 - 600*s**2 + 1750*s + 178. Calculate x(3).
1
Let d(x) = -6930*x + 6946. What is d(1)?
16
Let m(w) = -531*w + 144427. What is m(272)?
-5
Let j(h) = 3*h**3 + 72*h**2 + 112*h - 82. Determine j(-22).
358
Let h(u) = 15327*u + 551771. What is h(-36)?
-1
Let g(z) = z**3 - 28*z**2 - 83*z + 183. Determine g(-4).
3
Let n(u) = u**3 - 108*u**2 - 153*u + 4816. Determine n(109).
20
Let d(n) = 68*n**2 + 214*n - 219. What is d(1)?
63
Let r(s) = s**3 + 163*s**2 + 2754*s + 361. Calculate r(-19).
19
Let x(c) = -21*c**2 - 1460*c + 4400. Calculate x(3).
-169
Let b(n) = -3*n**3 + 42*n**2 + 3524*n - 148. What is b(-28)?
-36
Let l(d) = -277*d + 22407. What is l(82)?
-307
Let d(i) = 139742*i - 2655129. Give d(19).
-31
Let w(o) = o**3 + 87*o**2 - 4139*o + 845. Calculate w(34).
-5
Let w(b) = b**2 - 124870*b - 2372886. Determine w(-19).
5
Let w(m) = 7213*m - 7862178. Give w(1090).
-8
Let r(a) = -6789*a + 135771. Determine r(20).
-9
Let c(u) = -35575*u**2 + 426808*u + 1099. What is c(12)?
-5
Let j(y) = -9511*y - 266324. Determine j(-28).
-16
Let z(l) = -5*l**3 - 280*l**2 - 799*l - 277. Calculate z(-53).